) = 5*n + 13. Let l(h) = -3*h - 9. Let c = 110 + -118. Let z(y) = c*l(y) - 5*p(y). Give z(6).
1
Let c(s) = -s**2 + 14*s - 60. Let q be c(11). Let y be (-2)/(-5) - q/((-1890)/(-112)). Let b(x) = -4*x**2 + 2*x - 3. What is b(y)?
-15
Let w(h) = -h**3 + 13 - 2*h**3 + 4*h**3 - 5 - h. Suppose 2*c - 7 = -2*p - 1, 0 = c - p - 7. Suppose c*g = o + o + 5, 2*g - 2 = -3*o. Determine w(o).
8
Let v be (-2)/12 - (-1968)/(-288). Let n(i) = i**3 + 14*i**2 - 6*i + 7. Let j(p) = p**3 - 12*p**2 + 5*p - 6. Let x(m) = v*j(m) - 6*n(m). Give x(-1).
12
Let m(d) = -6*d**3 - 2*d**2 - 2*d - 6. Let g be m(-2). Suppose 0 = 5*i + g + 27. Let u(z) = -z - 18. Calculate u(i).
-5
Let y be (-13)/91 - 2*50/(-14). Let m(l) = 2*l**3 - 14*l**2 - 7*l + 50. Determine m(y).
1
Let k(n) be the second derivative of -n**6/360 + 3*n**5/40 - n**4/12 + 26*n**3/3 + n**2/2 - 222*n. Let b(a) be the second derivative of k(a). Determine b(9).
-2
Let z(o) = o**2 - 6*o + 8. Suppose 0 = -4*n + 4*x + 12, -2*n - 3*x = -n + 1. Suppose 12 = n*d - 0. Determine z(d).
8
Let i(b) = 2*b + 5. Let o(y) = y + 2. Let t(d) = -4*i(d) + 10*o(d). Let j(u) = u**3 + 23*u**2 + 44*u + 40. Let r be j(-21). What is t(r)?
-4
Let h(z) = -19*z - 5. Let b(o) = 23*o + 5. Let a(w) = -5*b(w) - 6*h(w). Suppose -160 = -2*n - 2*n. Suppose -5*c + 3*x + 5 = -n, 2*c = -4*x - 8. Calculate a(c).
-1
Let y(d) be the first derivative of -d**7/840 - d**6/60 + d**5/120 - d**4/4 + 2*d**3 + 11*d**2/2 - 69. Let r(v) be the third derivative of y(v). What is r(-6)?
-12
Let h(i) = -89 + 3*i + 106 - 110. Let y(a) = a - 24. Let m(f) = -4*h(f) + 15*y(f). Determine m(-10).
-18
Let q(a) be the first derivative of a**4/4 - 2*a**3/3 - 6*a - 14. Let v be q(3). Let w(t) = -6*t**v - 92*t + 5*t**3 + 1 - 4*t**2 + 91*t. Calculate w(-3).
-5
Let q(l) = -213*l - 6*l**2 - 10 - 6*l**2 + 193*l + 14*l**2. What is q(9)?
-28
Let r(q) = q**2 + 5*q + 5. Suppose 0 = -5*y + 571 - 76. Suppose -y = 33*t + 99. Give r(t).
11
Let p(b) = -b**3 + 2*b**2 + 3*b + 1. Let u = 114 + -73. Let x = 53 - u. Let v be x/(-7) + -1 + 10/14. Give p(v).
11
Let k(u) = -u**3 + u**2 - u. Suppose -248*f - 120 = -251*f. Let z be (20/(-200))/((-4)/f). Give k(z).
-1
Let x(w) = -2887 + 1356 + w + 1475. Determine x(29).
-27
Let b(i) = -41*i + 1208484*i**3 - 12*i**2 + 11 - 13 - 1208483*i**3. What is b(15)?
58
Suppose -j + b + 3 = 2*b, 0 = -5*j + 5*b + 25. Let p be ((-8)/(-2) - j)/2. Let k(u) = u**2 - 5*u + u**3 + 4*u**2 + p*u**2 - 5*u - 9. Determine k(-6).
15
Suppose -2*o + 4*c = 40, -8*c = -9*c + 9. Let s(d) = 2*d**3 - d**2 + 4*d + 2. Calculate s(o).
-26
Let o(k) = -19*k - 1. Let z(m) = -77*m + 13. Let c(y) = -18*o(y) + 4*z(y). Calculate c(-2).
2
Let i(h) = -16*h**2 - 4. Let g(v) = 18*v**2 + 21*v - 97. Let u(o) = g(o) + i(o). Give u(-14).
-3
Let t(j) be the first derivative of -15*j**2/2 - 18*j - 4335. What is t(1)?
-33
Let c be (-17)/102 + (-7)/(-6). Let h be 8/(-8) - c*-6. Let z(t) = 3*t - 2*t + 3*t - h*t. Determine z(-6).
6
Let z(r) = 28*r**2 + 14*r - 3. Suppose 43*m = 40*m - 21. Let v(c) = 19*c**2 + 10*c - 2. Let b(d) = m*v(d) + 5*z(d). Calculate b(2).
27
Let c(q) = -87*q**2 - 23*q + 3. Let x(a) = 29*a**2 + 8*a - 1. Let n = -358 - -352. Let y(m) = n*c(m) - 17*x(m). Determine y(1).
30
Let u(w) = -16 + 8 - 2*w + 2 - w**3 + 0 - 7*w**2. Suppose 23*z + 10 = -151. What is u(z)?
8
Let y(n) be the third derivative of 0 - 26*n**2 + 1/12*n**4 - 1/2*n**3 + 0*n. Determine y(-7).
-17
Let f = -9587 + 9596. Let w(v) = -2*v**2 + 15*v + 37. Give w(f).
10
Let w(v) be the second derivative of -v**6/360 - v**5/15 + 29*v**4/6 - 2*v - 32. Let n(z) be the third derivative of w(z). Give n(-6).
4
Suppose 0 = -a + 4*b - 5*b, -5*b = 2*a + 6. Let p(o) = o**3 - 163*o**2 + 346*o**2 - 176*o**a - 5 + 5*o. Determine p(-6).
1
Let a be (1/5)/((-2)/(-10)). Let j(f) = -5 + 4*f + 3 - 7 - a - 3*f. Determine j(4).
-6
Let n be 107/(-856) + 2*(-158)/32. Let o(i) = -i - 26. Determine o(n).
-16
Let i(p) = p**3 - 11*p**2 + 26*p - 19. Let j = 961 + -953. Give i(j).
-3
Let k = 1 - -5. Let b = -2 - k. Let s(d) = -8*d**2 - 12 + 5*d + 6*d - d - 190*d**3 - 2*d - 10*d + 189*d**3. Determine s(b).
4
Let t(s) = -21*s - 87 - 19*s - 22*s - 9*s + 62*s. Give t(-10).
3
Let b = 8049 + -8059. Let o(d) = -d**2 - 16*d - 9. Calculate o(b).
51
Let j(q) be the first derivative of -14*q**3/3 - q**2/2 + q + 592. What is j(1)?
-14
Suppose -4*g + 2*z = g - 17, g + z - 2 = 0. Suppose -s - 10 = d, -5*s - 15 = -g*d + 3. Let j(o) = o**3 + 5*o**2 + o + 1. What is j(s)?
-41
Let a(o) be the second derivative of -4/3*o**3 + 1/2*o**2 - 15*o + 5. What is a(-2)?
17
Let b = -3385 - -3393. Let x(q) be the first derivative of -q**2/2 + 5*q + 5. What is x(b)?
-3
Let s(k) = k**2 + 8*k - 6. Let g(z) = -6*z - 147. Let b be g(-25). Suppose -3*h + l - 20 = b, 0 = -3*h + 5*l - 19. Calculate s(h).
-6
Let v(a) = 4*a - 2. Suppose 250 = -4*l + 262. Let g be 4/(-6) + 4 - 1/l. Give v(g).
10
Let u(t) be the second derivative of 7*t**5/5 - t**4/12 + 138*t + 3. Determine u(1).
27
Let n(l) = 136*l**2 + 28*l - 11. Let s be n(8). Let a(g) = 0*g - 4*g + 6*g**2 - 7 - 8918*g**3 + s*g**3. Let y be 0 - (1 + -4 + -2). Determine a(y).
-2
Let o(q) be the first derivative of -q**4/2 - 19*q**3/3 - 15*q**2/2 - 33*q - 6140. Give o(-9).
21
Let w(p) = 615*p - 1196*p + 603*p. Give w(2).
44
Let z = 12 - 6. Let h(k) = 27*k**3 - 9*k**2 + k - 8. Let o(r) = 4*r**3 - 2*r**2 - r. Let u(i) = h(i) - 7*o(i). Give u(z).
4
Let z(g) = -3*g. Let m be (-1 - 12/(-6))*-1. Let t(x) = -2*x - 1. Let u(w) = m*t(w) + 2*z(w). Give u(-4).
17
Let c(m) = -2*m**2 - 5*m + 4. Suppose -596 = 7*r - 11*r. Suppose -11*g + 5 + r = 0. Let q(t) = t**3 - 15*t**2 + 13*t + 10. Let v be q(g). Calculate c(v).
-8
Let r(n) be the third derivative of n**4/2 - n**3/3 - 2586*n**2. Give r(-2).
-26
Let o be 254/1905 - 2/(-30)*17/(-1). Let g(m) = 10*m**3 + 0*m**3 + 1 + 2*m + 0. Give g(o).
-11
Let f(y) be the first derivative of y**5/60 + 5*y**4/24 - 3*y**3/2 + 11*y**2/2 - 63. Let i(q) be the second derivative of f(q). Calculate i(-7).
5
Let r(w) = 3*w - 1. Let q be 3/((-36)/(-1642)) + 6/36. Suppose -136*n + 4 = -q*n. Calculate r(n).
-13
Let v(t) = -3*t - 31. Let w(h) = -2*h - 16. Let o(i) = 3*v(i) - 5*w(i). Let y = -248 + 259. Determine o(y).
-2
Let k be 6*166/72 + 1/6. Let g(l) be the third derivative of -k*l**2 - 1/60*l**5 + 0*l + 5/6*l**3 - 7/24*l**4 + 0. Determine g(-6).
11
Let b(v) be the first derivative of 3*v + 1 - 3*v**2 + 1/3*v**3. Suppose 3*f = -2*s + 32, -81*s - 4*f + 52 = -76*s. Give b(s).
-5
Let j(a) = a**3 - 5*a**2 + 3*a + 5. Suppose -15 = -5*s + 5*h, -4*h + 3*h = 4*s - 17. Suppose -4*d = 0, -3*d + 0 = k - s. What is j(k)?
1
Let j(n) = -2*n - 2. Let b(q) be the first derivative of -q**3/3 + q**2 - 3*q + 2. Let w be 0*(357/(-35) + 10). Let d be b(w). Calculate j(d).
4
Let f(a) = 6*a**3 + 15*a**2 - 61*a - 269. Let y(w) = -w**3 - 3*w**2 + 12*w + 48. Let r(u) = 2*f(u) + 11*y(u). Give r(3).
20
Let q(m) = -m**2 - 25. Let a be ((-2)/(-5)*10)/(2 + -1). Suppose 5 = -a*s - 5*b, 1 + 3 = -4*b. Determine q(s).
-25
Suppose -5*y + 18 = -2*y, 3*y - 30 = 2*d. Let v(a) = -a**3 - 8*a**2 - 10*a - 8. Calculate v(d).
-20
Let g be 22/77 - (-10)/(-14)*82/(-5). Let l(c) = -10*c + 126. What is l(g)?
6
Let y(q) = -q - 2 + 3 + 0. Let k(h) = -2*h**2 + h. Let d be 0 + 7 + 8/(-8)*6. Let b(s) = d*k(s) + y(s). What is b(2)?
-7
Let x = -21362 - -21342. Let m(t) = -3*t - 41. Calculate m(x).
19
Let c(z) = 1191*z**2 + 3 - 7*z + 1171*z**2 - 2361*z**2. Let b(y) = -y**2 - 11*y + 4. Let r be b(-11). What is c(r)?
-9
Let l(h) = -2*h**2 + 5*h - 1. Let d(z) = 3*z**2 - 6*z + 1. Let a(v) = -4*d(v) - 5*l(v). Let b(j) = j**2 + 2*j. Let k(w) = 2*a(w) + 3*b(w). What is k(-3)?
-19
Let p(k) = -k**3 + 2*k**2. Let r = 86 + -64. Suppose 0*q - 4*q = -5*d + 12, -5*q = 3*d - r. Determine p(q).
0
Let i(s) be the first derivative of -s**4/4 + 8*s**3/3 + 9*s**2/2 + 4*s + 2. Let z be (68 + 3168/(-48))/(-1 - (-11)/9). Determine i(z).
4
Suppose 195*o = 187*o. Suppose o = 6*p - 8*p - 4. Let c(h) = -6*h**2 + h + 2. What is c(p)?
-24
Let i be 6/15 - 24/10. Let p be 0*(5 + -4) + 2. Let u(l) = -27*l**p + 2*l + 48*l**2 - 15*l**2. Determine u(i).
20
Let b(z) = 368*z**3 + 2*z + 1 + 2*z**2 - 740*z**3 + 363*z**3. What is b(-1)?
10
Let r be -16 - (-13 + 4 - 8). Let b(s) = -s. Let t(u) = 0*u - 2 - 6*u + 1. Let l(a) = 4*